{"id":40058,"date":"2023-08-16T04:49:07","date_gmt":"2023-08-16T07:49:07","guid":{"rendered":"https:\/\/uroan.ecom.themepreview.xyz\/home-one\/?page_id=1002"},"modified":"2025-08-13T15:54:33","modified_gmt":"2025-08-13T18:54:33","slug":"quienes-somos","status":"publish","type":"page","link":"https:\/\/mayoristas.lanasorquidea.cl\/?page_id=40058","title":{"rendered":"\u00bfQui\u00e9nes somos?"},"content":{"rendered":"\t\t<div data-elementor-type=\"wp-page\" data-elementor-id=\"40058\" class=\"elementor elementor-40058\">\n\t\t\t\t<div class=\"elementor-element elementor-element-0723296 e-flex e-con-boxed e-con e-parent\" data-id=\"0723296\" data-element_type=\"container\" data-e-type=\"container\" data-settings=\"{&quot;background_background&quot;:&quot;classic&quot;}\">\n\t\t\t\t\t<div class=\"e-con-inner\">\n\t\t\t\t<div class=\"elementor-element elementor-element-1f4a5dc elementor-widget elementor-widget-heading\" data-id=\"1f4a5dc\" data-element_type=\"widget\" data-e-type=\"widget\" data-widget_type=\"heading.default\">\n\t\t\t\t<div class=\"elementor-widget-container\">\n\t\t\t\t\t<h1 class=\"elementor-heading-title elementor-size-default\">\u00bfQui\u00e9nes Somos?<\/h1>\t\t\t\t<\/div>\n\t\t\t\t<\/div>\n\t\t\t\t\t<\/div>\n\t\t\t\t<\/div>\n\t\t<div class=\"elementor-element elementor-element-37507cf e-flex e-con-boxed e-con e-parent\" data-id=\"37507cf\" data-element_type=\"container\" data-e-type=\"container\" data-settings=\"{&quot;background_background&quot;:&quot;classic&quot;}\">\n\t\t\t\t\t<div class=\"e-con-inner\">\n\t\t\t\t<div class=\"elementor-element elementor-element-06c03af elementor-widget elementor-widget-uroan_about\" data-id=\"06c03af\" data-element_type=\"widget\" data-e-type=\"widget\" data-widget_type=\"uroan_about.default\">\n\t\t\t\t<div class=\"elementor-widget-container\">\n\t\t\t\t\t        <!--history section start-->\n        <section class=\"company-history bg-white ptb-120 overflow-hidden\">\n            <div class=\"container custom_container_width\">\n                <div class=\"row g-5 g-lg-4 align-items-center\">\n                                            <div class=\"col-xl-5 col-lg-6\">\n                            <div class=\"image-wrapper\">\n                                <img decoding=\"async\" src=\"http:\/\/mayoristas.lanasorquidea.cl\/wp-content\/uploads\/2023\/12\/FOTOS_JASMIN_1.jpg\" alt=\"not found\" class=\"img-fluid\">\n                            <\/div>\n                        <\/div>\n                                        <div class=\"ps-xl-5 col-xl-5 col-lg-6\">\n                        <div class=\"history-content\">\n                                                            <span class=\"secondary-text-color text-uppercase fs-sm d-block mb-4\">La Historia<\/span>\n                                                                                        <h2 class=\"display-3 fw-normal mb-5\">Hace m\u00e1s de 60 a\u00f1os<\/h2>\n                                                                                        <p class=\"mb-5 fw-light\"><h5>Carlos Abumohor Touma, hijo de inmigrantes palestinos, crea luego de a\u00f1os de esfuerzo, Hilander\u00eda Maisa. Su familia, desde su llegada a Chile, se hab\u00eda dedicado a los textiles partiendo con una peque\u00f1a tienda en la calle Banderas para crecer y tener marcas como Arrow en el holding textil\u00a0 \u201cMaisa\u201d en Recoleta.<\/h5><h5>Ese expertise en telas e hilados que lleva generaciones en su familia, llevo a su nieta, Valeria Charad Abumohor a asumir la gerencia general de Maisa en el a\u00f1o 2009.<\/h5><\/p>\n                                                                                <\/div>\n                    <\/div>\n                <\/div>\n            <\/div>\n        <\/section>\n        <!--history section end-->\n        \t\t\t\t<\/div>\n\t\t\t\t<\/div>\n\t\t\t\t\t<\/div>\n\t\t\t\t<\/div>\n\t\t<div class=\"elementor-element elementor-element-2e8a3ae e-flex e-con-boxed e-con e-parent\" data-id=\"2e8a3ae\" data-element_type=\"container\" data-e-type=\"container\">\n\t\t\t\t\t<div class=\"e-con-inner\">\n\t\t\t\t<div class=\"elementor-element elementor-element-9a3cd8d elementor-widget elementor-widget-image\" data-id=\"9a3cd8d\" data-element_type=\"widget\" data-e-type=\"widget\" data-widget_type=\"image.default\">\n\t\t\t\t<div class=\"elementor-widget-container\">\n\t\t\t\t\t\t\t\t\t\t\t\t\t\t\t<img decoding=\"async\" width=\"80\" height=\"53\" src=\"https:\/\/mayoristas.lanasorquidea.cl\/wp-content\/uploads\/2023\/12\/quotation-39627_640-80x53.png\" class=\"attachment-wishsuite-image size-wishsuite-image wp-image-45727\" alt=\"\" srcset=\"https:\/\/mayoristas.lanasorquidea.cl\/wp-content\/uploads\/2023\/12\/quotation-39627_640-80x53.png 80w, https:\/\/mayoristas.lanasorquidea.cl\/wp-content\/uploads\/2023\/12\/quotation-39627_640-600x395.png 600w, https:\/\/mayoristas.lanasorquidea.cl\/wp-content\/uploads\/2023\/12\/quotation-39627_640-64x42.png 64w, https:\/\/mayoristas.lanasorquidea.cl\/wp-content\/uploads\/2023\/12\/quotation-39627_640-300x197.png 300w, https:\/\/mayoristas.lanasorquidea.cl\/wp-content\/uploads\/2023\/12\/quotation-39627_640.png 640w\" sizes=\"(max-width: 80px) 100vw, 80px\" \/>\t\t\t\t\t\t\t\t\t\t\t\t\t\t\t<\/div>\n\t\t\t\t<\/div>\n\t\t\t\t<div class=\"elementor-element elementor-element-11dcbe8 elementor-widget elementor-widget-heading\" data-id=\"11dcbe8\" data-element_type=\"widget\" data-e-type=\"widget\" data-widget_type=\"heading.default\">\n\t\t\t\t<div class=\"elementor-widget-container\">\n\t\t\t\t\t<h2 class=\"elementor-heading-title elementor-size-default\">CREAMOS ORQU\u00cdDEA PARA DAR CONTINUIDAR AL LEGADO FAMILIAR CREANDO UNA MARCA CERCANA, FEMENINA Y ELEGANTE<\/h2>\t\t\t\t<\/div>\n\t\t\t\t<\/div>\n\t\t\t\t\t<\/div>\n\t\t\t\t<\/div>\n\t\t<div class=\"elementor-element elementor-element-81ff697 e-flex e-con-boxed e-con e-parent\" data-id=\"81ff697\" data-element_type=\"container\" data-e-type=\"container\">\n\t\t\t\t\t<div class=\"e-con-inner\">\n\t\t\t\t<div class=\"elementor-element elementor-element-ad6dd79 elementor-widget elementor-widget-spacer\" data-id=\"ad6dd79\" data-element_type=\"widget\" data-e-type=\"widget\" data-widget_type=\"spacer.default\">\n\t\t\t\t<div class=\"elementor-widget-container\">\n\t\t\t\t\t\t\t<div class=\"elementor-spacer\">\n\t\t\t<div class=\"elementor-spacer-inner\"><\/div>\n\t\t<\/div>\n\t\t\t\t\t\t<\/div>\n\t\t\t\t<\/div>\n\t\t\t\t\t<\/div>\n\t\t\t\t<\/div>\n\t\t<div class=\"elementor-element elementor-element-cd3ab55 e-flex e-con-boxed e-con e-parent\" data-id=\"cd3ab55\" data-element_type=\"container\" data-e-type=\"container\">\n\t\t\t\t\t<div class=\"e-con-inner\">\n\t\t<div class=\"elementor-element elementor-element-d541fa6 e-con-full e-flex e-con e-child\" data-id=\"d541fa6\" data-element_type=\"container\" data-e-type=\"container\">\n\t\t\t\t<div class=\"elementor-element elementor-element-8982e1b elementor-widget elementor-widget-heading\" data-id=\"8982e1b\" data-element_type=\"widget\" data-e-type=\"widget\" data-widget_type=\"heading.default\">\n\t\t\t\t<div class=\"elementor-widget-container\">\n\t\t\t\t\t<h2 class=\"elementor-heading-title elementor-size-default\">Ofrecer calidad a precios accesibles<\/h2>\t\t\t\t<\/div>\n\t\t\t\t<\/div>\n\t\t\t\t<div class=\"elementor-element elementor-element-c3d526f elementor-widget elementor-widget-text-editor\" data-id=\"c3d526f\" data-element_type=\"widget\" data-e-type=\"widget\" data-widget_type=\"text-editor.default\">\n\t\t\t\t<div class=\"elementor-widget-container\">\n\t\t\t\t\t\t\t\t\t<p>Esta busca ofrecer hilados de calidad a precios accesibles, buscando crear comunidad entre las tejedoras, porque creemos que tejer es mucho m\u00e1s que el hecho en s\u00ed mismo. Tejer une mujeres que necesitan compa\u00f1\u00eda, une personas con gustos similares de distintos \u00e1mbitos y genera muchos beneficios para la salud como: felicidad, estado de calma y\u00a0 paz, desarrolla la paciencia, disminuye la ansiedad, relaja, es un tipo de meditaci\u00f3n. Las personas nos dicen: tejer es mi placer, y eso es lo queremos ofrecer en Orqu\u00eddea: El placer de crear<\/p>\t\t\t\t\t\t\t\t<\/div>\n\t\t\t\t<\/div>\n\t\t\t\t<\/div>\n\t\t<div class=\"elementor-element elementor-element-731007c e-con-full e-flex e-con e-child\" data-id=\"731007c\" data-element_type=\"container\" data-e-type=\"container\">\n\t\t\t\t<div class=\"elementor-element elementor-element-05157ba elementor-widget elementor-widget-image\" data-id=\"05157ba\" data-element_type=\"widget\" data-e-type=\"widget\" data-widget_type=\"image.default\">\n\t\t\t\t<div class=\"elementor-widget-container\">\n\t\t\t\t\t\t\t\t\t\t\t\t\t\t\t<img fetchpriority=\"high\" decoding=\"async\" width=\"640\" height=\"426\" src=\"https:\/\/mayoristas.lanasorquidea.cl\/wp-content\/uploads\/2023\/12\/JUNIO-1024x682.jpeg\" class=\"attachment-large size-large wp-image-45629\" alt=\"\" srcset=\"https:\/\/mayoristas.lanasorquidea.cl\/wp-content\/uploads\/2023\/12\/JUNIO-1024x682.jpeg 1024w, https:\/\/mayoristas.lanasorquidea.cl\/wp-content\/uploads\/2023\/12\/JUNIO-600x400.jpeg 600w, https:\/\/mayoristas.lanasorquidea.cl\/wp-content\/uploads\/2023\/12\/JUNIO-64x43.jpeg 64w, https:\/\/mayoristas.lanasorquidea.cl\/wp-content\/uploads\/2023\/12\/JUNIO-300x200.jpeg 300w, https:\/\/mayoristas.lanasorquidea.cl\/wp-content\/uploads\/2023\/12\/JUNIO-768x512.jpeg 768w, https:\/\/mayoristas.lanasorquidea.cl\/wp-content\/uploads\/2023\/12\/JUNIO-80x53.jpeg 80w, https:\/\/mayoristas.lanasorquidea.cl\/wp-content\/uploads\/2023\/12\/JUNIO.jpeg 1280w\" sizes=\"(max-width: 640px) 100vw, 640px\" \/>\t\t\t\t\t\t\t\t\t\t\t\t\t\t\t<\/div>\n\t\t\t\t<\/div>\n\t\t\t\t<\/div>\n\t\t\t\t\t<\/div>\n\t\t\t\t<\/div>\n\t\t<div class=\"elementor-element elementor-element-88e92e5 e-flex e-con-boxed e-con e-parent\" data-id=\"88e92e5\" data-element_type=\"container\" data-e-type=\"container\" data-settings=\"{&quot;background_background&quot;:&quot;classic&quot;}\">\n\t\t\t\t\t<div class=\"e-con-inner\">\n\t\t\t\t<div class=\"elementor-element elementor-element-bd2570d elementor-widget elementor-widget-heading\" data-id=\"bd2570d\" data-element_type=\"widget\" data-e-type=\"widget\" data-widget_type=\"heading.default\">\n\t\t\t\t<div class=\"elementor-widget-container\">\n\t\t\t\t\t<h1 class=\"elementor-heading-title elementor-size-medium\">NUESTRO PROP\u00d3SITO: QUE NUNCA DEJEMOS DE SENTIR EL PLACER DE CREAR Y HACER<\/h1>\t\t\t\t<\/div>\n\t\t\t\t<\/div>\n\t\t\t\t\t<\/div>\n\t\t\t\t<\/div>\n\t\t<div class=\"elementor-element elementor-element-48ed589 e-flex e-con-boxed e-con e-parent\" data-id=\"48ed589\" data-element_type=\"container\" data-e-type=\"container\" data-settings=\"{&quot;background_background&quot;:&quot;classic&quot;}\">\n\t\t\t\t\t<div class=\"e-con-inner\">\n\t\t<div class=\"elementor-element elementor-element-323bace e-con-full e-flex e-con e-child\" data-id=\"323bace\" data-element_type=\"container\" data-e-type=\"container\">\n\t\t\t\t<div class=\"elementor-element elementor-element-9189723 elementor-widget elementor-widget-heading\" data-id=\"9189723\" data-element_type=\"widget\" data-e-type=\"widget\" data-widget_type=\"heading.default\">\n\t\t\t\t<div class=\"elementor-widget-container\">\n\t\t\t\t\t<h2 class=\"elementor-heading-title elementor-size-default\">Calma:<\/h2>\t\t\t\t<\/div>\n\t\t\t\t<\/div>\n\t\t\t\t<div class=\"elementor-element elementor-element-9222fc3 elementor-widget__width-initial elementor-widget elementor-widget-text-editor\" data-id=\"9222fc3\" data-element_type=\"widget\" data-e-type=\"widget\" data-widget_type=\"text-editor.default\">\n\t\t\t\t<div class=\"elementor-widget-container\">\n\t\t\t\t\t\t\t\t\t<p>En este mundo que corre sin parar, creemos en el poder de usar tus manos para encontrar calma. El tejido y las manualidades son capaz de detener el tiempo y de regalarte un espacio donde la conversaci\u00f3n, con otros o uno mismo, se hace presente. Hacer cosas con calma y disfrutar cada parte del proceso<\/p>\t\t\t\t\t\t\t\t<\/div>\n\t\t\t\t<\/div>\n\t\t\t\t<\/div>\n\t\t<div class=\"elementor-element elementor-element-ad3ea22 e-con-full e-flex e-con e-child\" data-id=\"ad3ea22\" data-element_type=\"container\" data-e-type=\"container\">\n\t\t\t\t<div class=\"elementor-element elementor-element-1a1e3af elementor-widget elementor-widget-heading\" data-id=\"1a1e3af\" data-element_type=\"widget\" data-e-type=\"widget\" data-widget_type=\"heading.default\">\n\t\t\t\t<div class=\"elementor-widget-container\">\n\t\t\t\t\t<h2 class=\"elementor-heading-title elementor-size-default\">Comunidad: <\/h2>\t\t\t\t<\/div>\n\t\t\t\t<\/div>\n\t\t\t\t<div class=\"elementor-element elementor-element-3fdfa69 elementor-widget elementor-widget-text-editor\" data-id=\"3fdfa69\" data-element_type=\"widget\" data-e-type=\"widget\" data-widget_type=\"text-editor.default\">\n\t\t\t\t<div class=\"elementor-widget-container\">\n\t\t\t\t\t\t\t\t\t<p>El tejer y el hacer tienen la capacidad de reunir a personas. Se hace comunidad con palillos, con un lindo proyecto o con una madeja de lana. Nosotros creemos en esa comunidad y nos comprometemos a ser siempre parte activa de ella<\/p>\t\t\t\t\t\t\t\t<\/div>\n\t\t\t\t<\/div>\n\t\t\t\t<\/div>\n\t\t<div class=\"elementor-element elementor-element-bcb19c1 e-con-full e-flex e-con e-child\" data-id=\"bcb19c1\" data-element_type=\"container\" data-e-type=\"container\">\n\t\t\t\t<div class=\"elementor-element elementor-element-bebe08f elementor-widget elementor-widget-heading\" data-id=\"bebe08f\" data-element_type=\"widget\" data-e-type=\"widget\" data-widget_type=\"heading.default\">\n\t\t\t\t<div class=\"elementor-widget-container\">\n\t\t\t\t\t<h2 class=\"elementor-heading-title elementor-size-default\">Deleitar los sentidos:<\/h2>\t\t\t\t<\/div>\n\t\t\t\t<\/div>\n\t\t\t\t<div class=\"elementor-element elementor-element-6b0975c elementor-widget elementor-widget-text-editor\" data-id=\"6b0975c\" data-element_type=\"widget\" data-e-type=\"widget\" data-widget_type=\"text-editor.default\">\n\t\t\t\t<div class=\"elementor-widget-container\">\n\t\t\t\t\t\t\t\t\t<p>Queremos que \u201chacer\u201d implique deleitar tus sentidos. Porque en el hacer se conjugan los olores, el deleite por los colores que ves y combinas y el placer de tocar fibras pensadas especialmente para ese nuevo proyecto.<\/p>\t\t\t\t\t\t\t\t<\/div>\n\t\t\t\t<\/div>\n\t\t\t\t<\/div>\n\t\t<div class=\"elementor-element elementor-element-a854c30 e-con-full e-flex e-con e-child\" data-id=\"a854c30\" data-element_type=\"container\" data-e-type=\"container\">\n\t\t\t\t<div class=\"elementor-element elementor-element-66897c8 elementor-widget elementor-widget-heading\" data-id=\"66897c8\" data-element_type=\"widget\" data-e-type=\"widget\" data-widget_type=\"heading.default\">\n\t\t\t\t<div class=\"elementor-widget-container\">\n\t\t\t\t\t<h2 class=\"elementor-heading-title elementor-size-default\">Tradici\u00f3n: <\/h2>\t\t\t\t<\/div>\n\t\t\t\t<\/div>\n\t\t\t\t<div class=\"elementor-element elementor-element-2050272 elementor-widget elementor-widget-text-editor\" data-id=\"2050272\" data-element_type=\"widget\" data-e-type=\"widget\" data-widget_type=\"text-editor.default\">\n\t\t\t\t<div class=\"elementor-widget-container\">\n\t\t\t\t\t\t\t\t\t<p>Estamos convencidos de la importancia de no perder la tradici\u00f3n de las manualidades. Y en cada una de nuestras lanas encuentras la tradici\u00f3n de un trabajo que realizamos desde 1975.<\/p>\t\t\t\t\t\t\t\t<\/div>\n\t\t\t\t<\/div>\n\t\t\t\t<\/div>\n\t\t<div class=\"elementor-element elementor-element-f7eb456 e-con-full e-flex e-con e-child\" data-id=\"f7eb456\" data-element_type=\"container\" data-e-type=\"container\">\n\t\t\t\t<div class=\"elementor-element elementor-element-4fe321b elementor-widget elementor-widget-heading\" data-id=\"4fe321b\" data-element_type=\"widget\" data-e-type=\"widget\" data-widget_type=\"heading.default\">\n\t\t\t\t<div class=\"elementor-widget-container\">\n\t\t\t\t\t<h2 class=\"elementor-heading-title elementor-size-default\">Calidad<\/h2>\t\t\t\t<\/div>\n\t\t\t\t<\/div>\n\t\t\t\t<div class=\"elementor-element elementor-element-186cf5f elementor-widget elementor-widget-text-editor\" data-id=\"186cf5f\" data-element_type=\"widget\" data-e-type=\"widget\" data-widget_type=\"text-editor.default\">\n\t\t\t\t<div class=\"elementor-widget-container\">\n\t\t\t\t\t\t\t\t\t<p>Buscamos que nuestros productos no solo sean un deleite al usarlos sino tambi\u00e9n que te acompa\u00f1en por muchos a\u00f1os.<\/p>\t\t\t\t\t\t\t\t<\/div>\n\t\t\t\t<\/div>\n\t\t\t\t<\/div>\n\t\t\t\t\t<\/div>\n\t\t\t\t<\/div>\n\t\t<div class=\"elementor-element elementor-element-1bdae63 e-flex e-con-boxed e-con e-parent\" data-id=\"1bdae63\" data-element_type=\"container\" data-e-type=\"container\">\n\t\t\t\t\t<div class=\"e-con-inner\">\n\t\t\t\t<div class=\"elementor-element elementor-element-a3f8e26 elementor-widget elementor-widget-spacer\" data-id=\"a3f8e26\" data-element_type=\"widget\" data-e-type=\"widget\" data-widget_type=\"spacer.default\">\n\t\t\t\t<div class=\"elementor-widget-container\">\n\t\t\t\t\t\t\t<div class=\"elementor-spacer\">\n\t\t\t<div class=\"elementor-spacer-inner\"><\/div>\n\t\t<\/div>\n\t\t\t\t\t\t<\/div>\n\t\t\t\t<\/div>\n\t\t\t\t\t<\/div>\n\t\t\t\t<\/div>\n\t\t\t\t<\/div>\n\t\t","protected":false},"excerpt":{"rendered":"<p>\u00bfQui\u00e9nes Somos? La Historia Hace m\u00e1s de 60 a\u00f1os Carlos Abumohor Touma, hijo de inmigrantes palestinos, crea luego de a\u00f1os de esfuerzo, Hilander\u00eda Maisa. Su familia, desde su llegada a Chile, se hab\u00eda dedicado a los textiles partiendo con una peque\u00f1a tienda en la calle Banderas para crecer y tener marcas como Arrow en el [&hellip;]<\/p>\n","protected":false},"author":1,"featured_media":0,"parent":0,"menu_order":0,"comment_status":"closed","ping_status":"closed","template":"elementor_header_footer","meta":{"_acf_changed":false,"footnotes":""},"class_list":["post-40058","page","type-page","status-publish","hentry"],"acf":[],"_links":{"self":[{"href":"https:\/\/mayoristas.lanasorquidea.cl\/index.php?rest_route=\/wp\/v2\/pages\/40058","targetHints":{"allow":["GET"]}}],"collection":[{"href":"https:\/\/mayoristas.lanasorquidea.cl\/index.php?rest_route=\/wp\/v2\/pages"}],"about":[{"href":"https:\/\/mayoristas.lanasorquidea.cl\/index.php?rest_route=\/wp\/v2\/types\/page"}],"author":[{"embeddable":true,"href":"https:\/\/mayoristas.lanasorquidea.cl\/index.php?rest_route=\/wp\/v2\/users\/1"}],"replies":[{"embeddable":true,"href":"https:\/\/mayoristas.lanasorquidea.cl\/index.php?rest_route=%2Fwp%2Fv2%2Fcomments&post=40058"}],"version-history":[{"count":3,"href":"https:\/\/mayoristas.lanasorquidea.cl\/index.php?rest_route=\/wp\/v2\/pages\/40058\/revisions"}],"predecessor-version":[{"id":52501,"href":"https:\/\/mayoristas.lanasorquidea.cl\/index.php?rest_route=\/wp\/v2\/pages\/40058\/revisions\/52501"}],"wp:attachment":[{"href":"https:\/\/mayoristas.lanasorquidea.cl\/index.php?rest_route=%2Fwp%2Fv2%2Fmedia&parent=40058"}],"curies":[{"name":"wp","href":"https:\/\/api.w.org\/{rel}","templated":true}]}}