{"id":41844,"date":"2023-11-07T00:53:21","date_gmt":"2023-11-07T03:53:21","guid":{"rendered":"https:\/\/mayoristas.lanasorquidea.cl\/?post_type=product&#038;p=41844"},"modified":"2026-04-20T14:02:10","modified_gmt":"2026-04-20T17:02:10","slug":"bebe-super-soft-1-kg","status":"publish","type":"product","link":"https:\/\/mayoristas.lanasorquidea.cl\/?product=bebe-super-soft-1-kg","title":{"rendered":"Beb\u00e9 Super Soft 1 Kg (IVA incluido)"},"content":{"rendered":"<ul>\n<li>Antial\u00e9rgico<\/li>\n<li>Composici\u00f3n: 100% acr\u00edlico premium<\/li>\n<li>Numero de hebras: 6<\/li>\n<li>Gramaje: 100 gramos<\/li>\n<li>Metros en 100 gramos: 210 metros aproximadamente<\/li>\n<li>Grosor: 3 Ligero (DK)<\/li>\n<li>WPI (vueltas por pulgadas): 12-14<\/li>\n<li>Palillo recomendado: 3.75 a 4.5 mm<\/li>\n<li>Crochet recomendado: 3.75 a 4.5 mm<\/li>\n<\/ul>\n","protected":false},"excerpt":{"rendered":"<p>Antial\u00e9rgico Composici\u00f3n: 100% acr\u00edlico premium Numero de hebras: 6 Gramaje: 100 gramos Metros en 100 gramos: 210 metros aproximadamente Grosor: 3 Ligero (DK) WPI (vueltas por pulgadas): 12-14 Palillo recomendado: 3.75 a 4.5 mm Crochet recomendado: 3.75 a 4.5 mm<\/p>\n","protected":false},"featured_media":41294,"template":"","meta":{"_acf_changed":false},"product_brand":[],"product_cat":[73],"product_tag":[],"class_list":{"0":"post-41844","1":"product","2":"type-product","3":"status-publish","4":"has-post-thumbnail","6":"product_cat-linea-bebe-lanas","7":"pa_bebe-super-soft-amarillo-pastel-118","8":"pa_bebe-super-soft-arandano-120","9":"pa_bebe-super-soft-arena-132","10":"pa_bebe-super-soft-azul-petroleo-121","11":"pa_bebe-super-soft-beige-104","12":"pa_bebe-super-soft-blanco-102","13":"pa_bebe-super-soft-blanco-hueso-131","14":"pa_bebe-super-soft-celeste-112","15":"pa_bebe-super-soft-crudo-103","16":"pa_bebe-super-soft-jacinto-122","17":"pa_bebe-super-soft-jeans-109","18":"pa_bebe-super-soft-lila-113","19":"pa_bebe-super-soft-malva-107","20":"pa_bebe-super-soft-marino-110","21":"pa_bebe-super-soft-morado-123","22":"pa_bebe-super-soft-mostaza-124","23":"pa_bebe-super-soft-negro-119","24":"pa_bebe-super-soft-palo-rosa-106","25":"pa_bebe-super-soft-pastel-133","26":"pa_bebe-super-soft-rojo-italiano-128","27":"pa_bebe-super-soft-rosado-bebe-126","28":"pa_bebe-super-soft-rosado-palido-105","29":"pa_bebe-super-soft-verde-agua-114","30":"pa_bebe-super-soft-verde-menta-108","31":"pa_bebe-super-soft-verde-menta-oscuro-125","33":"first","34":"instock","35":"purchasable","36":"product-type-variable","37":"has-default-attributes"},"acf":[],"_links":{"self":[{"href":"https:\/\/mayoristas.lanasorquidea.cl\/index.php?rest_route=\/wp\/v2\/product\/41844","targetHints":{"allow":["GET"]}}],"collection":[{"href":"https:\/\/mayoristas.lanasorquidea.cl\/index.php?rest_route=\/wp\/v2\/product"}],"about":[{"href":"https:\/\/mayoristas.lanasorquidea.cl\/index.php?rest_route=\/wp\/v2\/types\/product"}],"wp:featuredmedia":[{"embeddable":true,"href":"https:\/\/mayoristas.lanasorquidea.cl\/index.php?rest_route=\/wp\/v2\/media\/41294"}],"wp:attachment":[{"href":"https:\/\/mayoristas.lanasorquidea.cl\/index.php?rest_route=%2Fwp%2Fv2%2Fmedia&parent=41844"}],"wp:term":[{"taxonomy":"product_brand","embeddable":true,"href":"https:\/\/mayoristas.lanasorquidea.cl\/index.php?rest_route=%2Fwp%2Fv2%2Fproduct_brand&post=41844"},{"taxonomy":"product_cat","embeddable":true,"href":"https:\/\/mayoristas.lanasorquidea.cl\/index.php?rest_route=%2Fwp%2Fv2%2Fproduct_cat&post=41844"},{"taxonomy":"product_tag","embeddable":true,"href":"https:\/\/mayoristas.lanasorquidea.cl\/index.php?rest_route=%2Fwp%2Fv2%2Fproduct_tag&post=41844"}],"curies":[{"name":"wp","href":"https:\/\/api.w.org\/{rel}","templated":true}]}}