{"id":41980,"date":"2023-11-07T00:53:53","date_gmt":"2023-11-07T03:53:53","guid":{"rendered":"https:\/\/mayoristas.lanasorquidea.cl\/?post_type=product&#038;p=41980"},"modified":"2026-04-16T11:20:15","modified_gmt":"2026-04-16T14:20:15","slug":"hilo-paraiso-xl-1-kg","status":"publish","type":"product","link":"https:\/\/mayoristas.lanasorquidea.cl\/?product=hilo-paraiso-xl-1-kg","title":{"rendered":"Hilo Para\u00edso XL 1 Kg (IVA incluido)"},"content":{"rendered":"<ul>\n<li>Antial\u00e9rgico<\/li>\n<li>Composici\u00f3n: 100% acr\u00edlico premium<\/li>\n<li>Numero de hebras: 2<\/li>\n<li>Gramaje: 100 gramos<\/li>\n<li>Metros en 100 gramos: 300 metros aproximadamente<\/li>\n<li>Grosor: 2 Fino (Light DK)<\/li>\n<li>WPI (vueltas por pulgadas): 15-18<\/li>\n<li>Palillo recomendado: 3.25 a 3.75<\/li>\n<li>Crochet recomendado: 3.25 a 3.75<\/li>\n<\/ul>\n","protected":false},"excerpt":{"rendered":"<p>Antial\u00e9rgico Composici\u00f3n: 100% acr\u00edlico premium Numero de hebras: 2 Gramaje: 100 gramos Metros en 100 gramos: 300 metros aproximadamente Grosor: 2 Fino (Light DK) WPI (vueltas por pulgadas): 15-18 Palillo recomendado: 3.25 a 3.75 Crochet recomendado: 3.25 a 3.75<\/p>\n","protected":false},"featured_media":41566,"template":"","meta":{"_acf_changed":false},"product_brand":[],"product_cat":[65,69],"product_tag":[],"class_list":{"0":"post-41980","1":"product","2":"type-product","3":"status-publish","4":"has-post-thumbnail","6":"product_cat-hilados-de-verano","7":"product_cat-linea-tradicional-lanas","8":"pa_paraiso-xl-amarillo-6215","9":"pa_paraiso-xl-azulino-22","10":"pa_paraiso-xl-beige-229","11":"pa_paraiso-xl-blanco-1102","12":"pa_paraiso-xl-cafe-320","13":"pa_paraiso-xl-camel-305","14":"pa_paraiso-xl-celeste-81","15":"pa_paraiso-xl-crudo-1302","16":"pa_paraiso-xl-crudo-309","17":"pa_paraiso-xl-gris-plata-312","18":"pa_paraiso-xl-lila-304","19":"pa_paraiso-xl-marino-04","20":"pa_paraiso-xl-melon-307","21":"pa_paraiso-xl-mostaza-831","22":"pa_paraiso-xl-negro-8902","23":"pa_paraiso-xl-nude-239","24":"pa_paraiso-xl-palo-rosa-289","25":"pa_paraiso-xl-rojo-italiano-3602","26":"pa_paraiso-xl-verde-menta-318","27":"pa_paraiso-xl-verde-menta-oscuro-308","28":"pa_paraiso-xl-verde-navidad-209","29":"pa_paraiso-xl-verde-pistacho-439","31":"first","32":"instock","33":"sale","34":"purchasable","35":"product-type-variable","36":"has-default-attributes"},"acf":[],"_links":{"self":[{"href":"https:\/\/mayoristas.lanasorquidea.cl\/index.php?rest_route=\/wp\/v2\/product\/41980","targetHints":{"allow":["GET"]}}],"collection":[{"href":"https:\/\/mayoristas.lanasorquidea.cl\/index.php?rest_route=\/wp\/v2\/product"}],"about":[{"href":"https:\/\/mayoristas.lanasorquidea.cl\/index.php?rest_route=\/wp\/v2\/types\/product"}],"wp:featuredmedia":[{"embeddable":true,"href":"https:\/\/mayoristas.lanasorquidea.cl\/index.php?rest_route=\/wp\/v2\/media\/41566"}],"wp:attachment":[{"href":"https:\/\/mayoristas.lanasorquidea.cl\/index.php?rest_route=%2Fwp%2Fv2%2Fmedia&parent=41980"}],"wp:term":[{"taxonomy":"product_brand","embeddable":true,"href":"https:\/\/mayoristas.lanasorquidea.cl\/index.php?rest_route=%2Fwp%2Fv2%2Fproduct_brand&post=41980"},{"taxonomy":"product_cat","embeddable":true,"href":"https:\/\/mayoristas.lanasorquidea.cl\/index.php?rest_route=%2Fwp%2Fv2%2Fproduct_cat&post=41980"},{"taxonomy":"product_tag","embeddable":true,"href":"https:\/\/mayoristas.lanasorquidea.cl\/index.php?rest_route=%2Fwp%2Fv2%2Fproduct_tag&post=41980"}],"curies":[{"name":"wp","href":"https:\/\/api.w.org\/{rel}","templated":true}]}}