{"id":42202,"date":"2023-11-07T00:56:22","date_gmt":"2023-11-07T03:56:22","guid":{"rendered":"https:\/\/mayoristas.lanasorquidea.cl\/?post_type=product&#038;p=42202"},"modified":"2025-01-07T07:29:12","modified_gmt":"2025-01-07T10:29:12","slug":"chainy-cotton-macrame-15-kg-6-unidades","status":"publish","type":"product","link":"https:\/\/mayoristas.lanasorquidea.cl\/?product=chainy-cotton-macrame-15-kg-6-unidades","title":{"rendered":"Chainy Cotton Macram\u00e9 1,5 Kg &#8211; 6 Unidades (IVA incluido)"},"content":{"rendered":"<ul>\n<li><strong>Composici\u00f3n:<\/strong> 80% Algod\u00f3n &#8211; 20% Poli\u00e9ster<\/li>\n<li><strong>Peso:<\/strong> 250g (cada unidad)<\/li>\n<li><strong>Longitud:<\/strong> 250m (cada unidad)<\/li>\n<li><strong>Superficie:<\/strong> 70&#215;70 cm\u00b2<\/li>\n<li><strong>Crochet:<\/strong> 2mm &#8211; 4mm<\/li>\n<li><strong>Palillo:<\/strong> 2mm &#8211; 4mm<\/li>\n<\/ul>\n","protected":false},"excerpt":{"rendered":"<p>Composici\u00f3n: 80% Algod\u00f3n &#8211; 20% Poli\u00e9ster Peso: 250g (cada unidad) Longitud: 250m (cada unidad) Superficie: 70&#215;70 cm\u00b2 Crochet: 2mm &#8211; 4mm Palillo: 2mm &#8211; 4mm<\/p>\n","protected":false},"featured_media":42244,"template":"","meta":{"_acf_changed":false},"product_brand":[],"product_cat":[1570,1337,59],"product_tag":[],"class_list":{"0":"post-42202","1":"product","2":"type-product","3":"status-publish","4":"has-post-thumbnail","6":"product_cat-50-de-descuento","7":"product_cat-linea-retwisst-linea-retwisst","8":"product_cat-linea-retwisst","9":"pa_chainy-cotton-544","10":"pa_chainy-cotton-573","11":"pa_chainy-cotton-571","12":"pa_chainy-cotton-570","13":"pa_chainy-cotton-568","14":"pa_chainy-cotton-572","15":"pa_chainy-cotton-545","16":"pa_chainy-cotton-547","17":"pa_chainy-cotton-549","18":"pa_chainy-cotton-546","19":"pa_chainy-cotton-550","20":"pa_chainy-cotton-569","21":"pa_chainy-cotton-557","22":"pa_chainy-cotton-558","23":"pa_chainy-cotton-559","24":"pa_chainy-cotton-548","25":"pa_chainy-cotton-560","26":"pa_chainy-cotton-561","27":"pa_chainy-cotton-562","28":"pa_chainy-cotton-553","29":"pa_chainy-cotton-552","30":"pa_chainy-cotton-556","31":"pa_chainy-cotton-551","32":"pa_chainy-cotton-554","33":"pa_chainy-cotton-564","34":"pa_chainy-cotton-565","35":"pa_chainy-cotton-563","36":"pa_chainy-cotton-567","37":"pa_chainy-cotton-566","38":"pa_chainy-cotton-555","40":"first","41":"outofstock","42":"product-type-variable"},"acf":[],"_links":{"self":[{"href":"https:\/\/mayoristas.lanasorquidea.cl\/index.php?rest_route=\/wp\/v2\/product\/42202","targetHints":{"allow":["GET"]}}],"collection":[{"href":"https:\/\/mayoristas.lanasorquidea.cl\/index.php?rest_route=\/wp\/v2\/product"}],"about":[{"href":"https:\/\/mayoristas.lanasorquidea.cl\/index.php?rest_route=\/wp\/v2\/types\/product"}],"wp:featuredmedia":[{"embeddable":true,"href":"https:\/\/mayoristas.lanasorquidea.cl\/index.php?rest_route=\/wp\/v2\/media\/42244"}],"wp:attachment":[{"href":"https:\/\/mayoristas.lanasorquidea.cl\/index.php?rest_route=%2Fwp%2Fv2%2Fmedia&parent=42202"}],"wp:term":[{"taxonomy":"product_brand","embeddable":true,"href":"https:\/\/mayoristas.lanasorquidea.cl\/index.php?rest_route=%2Fwp%2Fv2%2Fproduct_brand&post=42202"},{"taxonomy":"product_cat","embeddable":true,"href":"https:\/\/mayoristas.lanasorquidea.cl\/index.php?rest_route=%2Fwp%2Fv2%2Fproduct_cat&post=42202"},{"taxonomy":"product_tag","embeddable":true,"href":"https:\/\/mayoristas.lanasorquidea.cl\/index.php?rest_route=%2Fwp%2Fv2%2Fproduct_tag&post=42202"}],"curies":[{"name":"wp","href":"https:\/\/api.w.org\/{rel}","templated":true}]}}