{"id":42328,"date":"2023-11-07T00:57:54","date_gmt":"2023-11-07T03:57:54","guid":{"rendered":"https:\/\/mayoristas.lanasorquidea.cl\/?post_type=product&#038;p=42328"},"modified":"2026-04-16T11:21:19","modified_gmt":"2026-04-16T14:21:19","slug":"t-shirt-yarn-6-unidades","status":"publish","type":"product","link":"https:\/\/mayoristas.lanasorquidea.cl\/?product=t-shirt-yarn-6-unidades","title":{"rendered":"Trapillo &#8211; 6 Unidades (IVA incluido)"},"content":{"rendered":"<div class=\"woocommerce-product-details__short-description\">\n<ul>\n<li>Peso: 350 grs<\/li>\n<li>Composici\u00f3n: 90% Cotton, 10% Poliester<\/li>\n<li>Metros: 55 mts.<\/li>\n<li>Superficie: 25 cm x 25 cm<\/li>\n<li>Crochet: 8 mm a 12 mm<\/li>\n<li>Palillo: 10 mm a 25 mm<\/li>\n<\/ul>\n<\/div>\n<p><strong>***EL COLOR <span style=\"color: #993366;\">SURTIDO<\/span> NO TIENE CAMBIO NI DEVOLUCIONES***<\/strong><\/p>\n<p>Tomar esto en consideraci\u00f3n al momento de realizar su pedido.<\/p>\n","protected":false},"excerpt":{"rendered":"<p><em><strong>*El color real del producto puede no parecerse al de la fotograf\u00eda.<\/strong><\/em><\/p>\n<p><em><strong>*1 kg corresponde a 1 paquete de 6 ovillos.<\/strong><\/em><\/p>\n<p>El Hilado de T-Shirt Yarn est\u00e1 producido con telas de textiles reciclados sin procesos qu\u00edmicos. Este hilado es perfecto para proyectos como canastos, bolsos, alfombras, poufs. Como est\u00e1 hecho con material reciclado no hay continuidad en los colores, por eso recomendamos comprar la cantidad de material necesario para tus proyectos.<\/p>\n<p>Estimado cliente, el paquete contiene de 6 ovillos de <strong><span style=\"color: #3366ff;\">C<\/span><span style=\"color: #800080;\">O<\/span><span style=\"color: #ffcc00;\">L<\/span><span style=\"color: #cc99ff;\">O<\/span><span style=\"color: #0000ff;\">R<\/span><span style=\"color: #ff0000;\">E<\/span><span style=\"color: #ff6600;\">S<\/span> A<span style=\"color: #ff00ff;\">L<\/span><span style=\"color: #3366ff;\">E<\/span><span style=\"color: #999999;\">A<\/span><span style=\"color: #00ffff;\">T<\/span><span style=\"color: #ffcc00;\">O<span style=\"color: #ff0000;\">R<\/span><\/span>I<span style=\"color: #993366;\">O<\/span><span style=\"color: #993300;\">S. <\/span>CONSIDERAR QUE LOS TONOS ESCOGIDOS PUEDEN VARIAR DE UN PAQUETE A OTRO.<\/strong><\/p>\n","protected":false},"featured_media":39718,"template":"","meta":{"_acf_changed":false},"product_brand":[],"product_cat":[1570,59],"product_tag":[],"class_list":{"0":"post-42328","1":"product","2":"type-product","3":"status-publish","4":"has-post-thumbnail","6":"product_cat-50-de-descuento","7":"product_cat-linea-retwisst","8":"pa_t-shirt-yarn-azul-marino","9":"pa_t-shirt-yarn-gris-estampado","10":"pa_t-shirt-yarn-surtidos","11":"pa_t-shirt-yarn-tonos-azules","12":"pa_t-shirt-yarn-tonos-beige","13":"pa_t-shirt-yarn-tonos-burdeo","14":"pa_t-shirt-yarn-tonos-celeste","15":"pa_t-shirt-yarn-estampado-azul","16":"pa_t-shirt-yarn-tonos-estampados-gris","17":"pa_t-shirt-yarn-tonos-gris","18":"pa_t-shirt-yarn-tonos-ladrillo","19":"pa_t-shirt-yarn-tonos-morado","20":"pa_t-shirt-yarn-tonos-negros","21":"pa_t-shirt-yarn-tonos-rojo","22":"pa_t-shirt-yarn-tonos-rosado","23":"pa_t-shirt-yarn-tonos-verde","25":"first","26":"instock","27":"sale","28":"purchasable","29":"product-type-variable"},"acf":[],"_links":{"self":[{"href":"https:\/\/mayoristas.lanasorquidea.cl\/index.php?rest_route=\/wp\/v2\/product\/42328","targetHints":{"allow":["GET"]}}],"collection":[{"href":"https:\/\/mayoristas.lanasorquidea.cl\/index.php?rest_route=\/wp\/v2\/product"}],"about":[{"href":"https:\/\/mayoristas.lanasorquidea.cl\/index.php?rest_route=\/wp\/v2\/types\/product"}],"wp:featuredmedia":[{"embeddable":true,"href":"https:\/\/mayoristas.lanasorquidea.cl\/index.php?rest_route=\/wp\/v2\/media\/39718"}],"wp:attachment":[{"href":"https:\/\/mayoristas.lanasorquidea.cl\/index.php?rest_route=%2Fwp%2Fv2%2Fmedia&parent=42328"}],"wp:term":[{"taxonomy":"product_brand","embeddable":true,"href":"https:\/\/mayoristas.lanasorquidea.cl\/index.php?rest_route=%2Fwp%2Fv2%2Fproduct_brand&post=42328"},{"taxonomy":"product_cat","embeddable":true,"href":"https:\/\/mayoristas.lanasorquidea.cl\/index.php?rest_route=%2Fwp%2Fv2%2Fproduct_cat&post=42328"},{"taxonomy":"product_tag","embeddable":true,"href":"https:\/\/mayoristas.lanasorquidea.cl\/index.php?rest_route=%2Fwp%2Fv2%2Fproduct_tag&post=42328"}],"curies":[{"name":"wp","href":"https:\/\/api.w.org\/{rel}","templated":true}]}}