{"id":42589,"date":"2023-11-07T01:01:23","date_gmt":"2023-11-07T04:01:23","guid":{"rendered":"https:\/\/mayoristas.lanasorquidea.cl\/?post_type=product&#038;p=42589"},"modified":"2026-04-23T15:08:51","modified_gmt":"2026-04-23T18:08:51","slug":"algodon-super-soft-1-kg","status":"publish","type":"product","link":"https:\/\/mayoristas.lanasorquidea.cl\/?product=algodon-super-soft-1-kg","title":{"rendered":"Algod\u00f3n Super Soft 1 Kg (IVA incluido)"},"content":{"rendered":"<ul>\n<li>Antial\u00e9rgico<\/li>\n<li>Composici\u00f3n: 100% Algod\u00f3n<\/li>\n<li>Numero de hebras: 4<\/li>\n<li>Gramaje: 100 gramos<\/li>\n<li>Metros en 100 gramos: 300 metros aproximadamente<\/li>\n<li>Grosor: Sport, Light DK<\/li>\n<li>WPI (vueltas por pulgadas): 15-18<\/li>\n<li>Palillo recomendado: 3.25 a 3.75 mm<\/li>\n<li>Crochet recomendado: 3.25 a 3.75 mm<\/li>\n<\/ul>\n","protected":false},"excerpt":{"rendered":"<div id=\"station-tabs-tabpanel_ht-i1-t3\" class=\"station-tabs-tabpanel station-tabs-default-tabpanel is-active\" role=\"tabpanel\" aria-labelledby=\"station-tabs-tab_ht-i1-t3\" aria-hidden=\"false\">\n<div class=\"station-tabs-tabcontent\">\n<p>Nuestra l\u00ednea de algodones m\u00e1s suave. De s\u00f3lo tocarlo vas a darte cuenta de su suavidad. Su grosor Light DK lo hace \u00fanico. No dejes de probarlo especialmente para prendas de vestir que requieren de suavidad y una amplia paleta de colores. Te aseguramos que lo vas a amar.<\/p>\n<\/div>\n<\/div>\n","protected":false},"featured_media":42633,"template":"","meta":{"_acf_changed":false},"product_brand":[],"product_cat":[68,1700,65],"product_tag":[],"class_list":{"0":"post-42589","1":"product","2":"type-product","3":"status-publish","4":"has-post-thumbnail","6":"product_cat-linea-algodon-lanas","7":"product_cat-black-friday","8":"product_cat-hilados-de-verano","9":"pa_algodon-supersoft-amarillo-9","10":"pa_algodon-supersoft-azul-marino-19","11":"pa_algodon-supersoft-azul-rey-29","12":"pa_algodon-supersoft-beige-28","13":"pa_algodon-supersoft-blanco-7","14":"pa_algodon-supersoft-cafe-4","15":"pa_algodon-supersoft-calipso-2","16":"pa_algodon-supersoft-camel-20","17":"pa_algodon-supersoft-celeste-3","18":"pa_algodon-supersoft-coral-14","19":"pa_algodon-supersoft-crudo-5","20":"pa_algodon-supersoft-esmeralda-22","21":"pa_algodon-supersoft-frambuesa-10","22":"pa_algodon-supersoft-fucsia-17","23":"pa_algodon-supersoft-gris-perla-6","24":"pa_algodon-supersoft-jacinto-21","25":"pa_algodon-supersoft-lila-26","26":"pa_algodon-supersoft-mostaza-23","27":"pa_algodon-supersoft-negro-13","28":"pa_algodon-supersoft-nude-1","29":"pa_algodon-supersoft-palo-rosa-15","30":"pa_algodon-supersoft-pastel-31","31":"pa_algodon-supersoft-rojo-fuego-8","32":"pa_algodon-supersoft-rojo-italiano-12","33":"pa_algodon-supersoft-rosa-viejo-27","34":"pa_algodon-supersoft-rosado-fuerte-25","35":"pa_algodon-supersoft-salmon-16","36":"pa_algodon-supersoft-sandia-24","37":"pa_algodon-supersoft-verde-limon-18","38":"pa_algodon-supersoft-verde-manzana-11","39":"pa_algodon-supersoft-verde-menta-30","41":"first","42":"instock","43":"purchasable","44":"product-type-variable","45":"has-default-attributes"},"acf":[],"_links":{"self":[{"href":"https:\/\/mayoristas.lanasorquidea.cl\/index.php?rest_route=\/wp\/v2\/product\/42589","targetHints":{"allow":["GET"]}}],"collection":[{"href":"https:\/\/mayoristas.lanasorquidea.cl\/index.php?rest_route=\/wp\/v2\/product"}],"about":[{"href":"https:\/\/mayoristas.lanasorquidea.cl\/index.php?rest_route=\/wp\/v2\/types\/product"}],"wp:featuredmedia":[{"embeddable":true,"href":"https:\/\/mayoristas.lanasorquidea.cl\/index.php?rest_route=\/wp\/v2\/media\/42633"}],"wp:attachment":[{"href":"https:\/\/mayoristas.lanasorquidea.cl\/index.php?rest_route=%2Fwp%2Fv2%2Fmedia&parent=42589"}],"wp:term":[{"taxonomy":"product_brand","embeddable":true,"href":"https:\/\/mayoristas.lanasorquidea.cl\/index.php?rest_route=%2Fwp%2Fv2%2Fproduct_brand&post=42589"},{"taxonomy":"product_cat","embeddable":true,"href":"https:\/\/mayoristas.lanasorquidea.cl\/index.php?rest_route=%2Fwp%2Fv2%2Fproduct_cat&post=42589"},{"taxonomy":"product_tag","embeddable":true,"href":"https:\/\/mayoristas.lanasorquidea.cl\/index.php?rest_route=%2Fwp%2Fv2%2Fproduct_tag&post=42589"}],"curies":[{"name":"wp","href":"https:\/\/api.w.org\/{rel}","templated":true}]}}