{"id":42700,"date":"2023-11-07T01:02:57","date_gmt":"2023-11-07T04:02:57","guid":{"rendered":"https:\/\/mayoristas.lanasorquidea.cl\/?post_type=product&#038;p=42700"},"modified":"2026-03-24T13:11:18","modified_gmt":"2026-03-24T16:11:18","slug":"wool-cake-400-grs-2-unidades","status":"publish","type":"product","link":"https:\/\/mayoristas.lanasorquidea.cl\/?product=wool-cake-400-grs-2-unidades","title":{"rendered":"Wool Cake 400 Grs &#8211; 2 Unidades (IVA incluido)"},"content":{"rendered":"<ul>\n<li>Antial\u00e9rgico<\/li>\n<li>Composici\u00f3n: 50% Lana 50% Acr\u00edlico<\/li>\n<li>Gramaje: 200 gramos<\/li>\n<li>Metros en 200 gramos: 700 metros aproximadamente<\/li>\n<li>Grosor: 2 Fino (Light DK)<\/li>\n<li>Palillo recomendado: 2,5 mm a 3 mm<\/li>\n<li>Crochet recomendado: 3 a 3.5 mm<\/li>\n<\/ul>\n","protected":false},"excerpt":{"rendered":"<p>Wool Cake es la mejor elecci\u00f3n en proyectos para abrigarte, combinando 5 colores diferentes y un alto porcentaje de lana, haci\u00e9ndolo f\u00e1cil de utilizar en todo tipo de proyectos gracias a su espesor adecuado y sencillo de tejer.<\/p>\n","protected":false},"featured_media":42752,"template":"","meta":{"_acf_changed":false},"product_brand":[],"product_cat":[1337,59],"product_tag":[],"class_list":{"0":"post-42700","1":"product","2":"type-product","3":"status-publish","4":"has-post-thumbnail","6":"product_cat-linea-retwisst-linea-retwisst","7":"product_cat-linea-retwisst","8":"pa_wool-cake-nr-07","9":"pa_wool-cake-nr-45","11":"first","12":"instock","13":"sale","14":"purchasable","15":"product-type-variable"},"acf":[],"_links":{"self":[{"href":"https:\/\/mayoristas.lanasorquidea.cl\/index.php?rest_route=\/wp\/v2\/product\/42700","targetHints":{"allow":["GET"]}}],"collection":[{"href":"https:\/\/mayoristas.lanasorquidea.cl\/index.php?rest_route=\/wp\/v2\/product"}],"about":[{"href":"https:\/\/mayoristas.lanasorquidea.cl\/index.php?rest_route=\/wp\/v2\/types\/product"}],"wp:featuredmedia":[{"embeddable":true,"href":"https:\/\/mayoristas.lanasorquidea.cl\/index.php?rest_route=\/wp\/v2\/media\/42752"}],"wp:attachment":[{"href":"https:\/\/mayoristas.lanasorquidea.cl\/index.php?rest_route=%2Fwp%2Fv2%2Fmedia&parent=42700"}],"wp:term":[{"taxonomy":"product_brand","embeddable":true,"href":"https:\/\/mayoristas.lanasorquidea.cl\/index.php?rest_route=%2Fwp%2Fv2%2Fproduct_brand&post=42700"},{"taxonomy":"product_cat","embeddable":true,"href":"https:\/\/mayoristas.lanasorquidea.cl\/index.php?rest_route=%2Fwp%2Fv2%2Fproduct_cat&post=42700"},{"taxonomy":"product_tag","embeddable":true,"href":"https:\/\/mayoristas.lanasorquidea.cl\/index.php?rest_route=%2Fwp%2Fv2%2Fproduct_tag&post=42700"}],"curies":[{"name":"wp","href":"https:\/\/api.w.org\/{rel}","templated":true}]}}