{"id":47089,"date":"2024-02-01T00:00:57","date_gmt":"2024-02-01T03:00:57","guid":{"rendered":"https:\/\/mayoristas.lanasorquidea.cl\/?post_type=product&#038;p=47089"},"modified":"2026-04-16T11:21:01","modified_gmt":"2026-04-16T14:21:01","slug":"melange-wool-1-kg","status":"publish","type":"product","link":"https:\/\/mayoristas.lanasorquidea.cl\/?product=melange-wool-1-kg","title":{"rendered":"Melange Wool 1 Kg (IVA incluido)"},"content":{"rendered":"<ul>\n<li>Antial\u00e9rgico<\/li>\n<li>Composici\u00f3n: 80% Acr\u00edlico y 20% Lana<\/li>\n<li>Numero de hebras: 2<\/li>\n<li>Gramaje: 100 gramos<\/li>\n<li>Metros en 100 gramos: 170 metros aproximadamente<\/li>\n<li>Grosor: 4 Medio (Aran)<\/li>\n<li>WPI (vueltas por pulgadas): 15-11<\/li>\n<li>Palillo recomendado: 7 a 8 mm<\/li>\n<li>Crochet recomendado: 5 mm<\/li>\n<\/ul>\n","protected":false},"excerpt":{"rendered":"<p>Antial\u00e9rgico Composici\u00f3n: 80% Acr\u00edlico y 20% Lana Numero de hebras: 2 Gramaje: 100 gramos Metros en 100 gramos: 170 metros aproximadamente Grosor: 4 Medio (Aran) WPI (vueltas por pulgadas): 15-11 Palillo recomendado: 7 a 8 mm Crochet recomendado: 5 mm<\/p>\n","protected":false},"featured_media":47114,"template":"","meta":{"_acf_changed":false},"product_brand":[],"product_cat":[1700,71,49,60],"product_tag":[],"class_list":{"0":"post-47089","1":"product","2":"type-product","3":"status-publish","4":"has-post-thumbnail","6":"product_cat-black-friday","7":"product_cat-linea-especial-lanas","8":"product_cat-linea-especial","9":"product_cat-linea-orquidea","10":"pa_melange-wool-arandano-melange-11","11":"pa_melange-wool-azul-melange-9","12":"pa_melange-wool-beige-3","13":"pa_melange-wool-blanco-1","14":"pa_melange-wool-crudo-2","15":"pa_melange-wool-fucsia-melange-10","16":"pa_melange-wool-gris-melange-6","17":"pa_melange-wool-lila-12","18":"pa_melange-wool-mostaza-13","19":"pa_melange-wool-negro-4","20":"pa_melange-wool-perla-melange-5","21":"pa_melange-wool-rojo-italiano-14","22":"pa_melange-wool-rosa-viejo-15","23":"pa_melange-wool-turquesa-7","24":"pa_melange-wool-verde-menta-8","26":"first","27":"instock","28":"shipping-taxable","29":"purchasable","30":"product-type-variable"},"acf":[],"_links":{"self":[{"href":"https:\/\/mayoristas.lanasorquidea.cl\/index.php?rest_route=\/wp\/v2\/product\/47089","targetHints":{"allow":["GET"]}}],"collection":[{"href":"https:\/\/mayoristas.lanasorquidea.cl\/index.php?rest_route=\/wp\/v2\/product"}],"about":[{"href":"https:\/\/mayoristas.lanasorquidea.cl\/index.php?rest_route=\/wp\/v2\/types\/product"}],"wp:featuredmedia":[{"embeddable":true,"href":"https:\/\/mayoristas.lanasorquidea.cl\/index.php?rest_route=\/wp\/v2\/media\/47114"}],"wp:attachment":[{"href":"https:\/\/mayoristas.lanasorquidea.cl\/index.php?rest_route=%2Fwp%2Fv2%2Fmedia&parent=47089"}],"wp:term":[{"taxonomy":"product_brand","embeddable":true,"href":"https:\/\/mayoristas.lanasorquidea.cl\/index.php?rest_route=%2Fwp%2Fv2%2Fproduct_brand&post=47089"},{"taxonomy":"product_cat","embeddable":true,"href":"https:\/\/mayoristas.lanasorquidea.cl\/index.php?rest_route=%2Fwp%2Fv2%2Fproduct_cat&post=47089"},{"taxonomy":"product_tag","embeddable":true,"href":"https:\/\/mayoristas.lanasorquidea.cl\/index.php?rest_route=%2Fwp%2Fv2%2Fproduct_tag&post=47089"}],"curies":[{"name":"wp","href":"https:\/\/api.w.org\/{rel}","templated":true}]}}