{"id":52811,"date":"2025-11-05T15:16:06","date_gmt":"2025-11-05T18:16:06","guid":{"rendered":"https:\/\/mayoristas.lanasorquidea.cl\/?post_type=product&#038;p=52811"},"modified":"2025-11-05T15:41:59","modified_gmt":"2025-11-05T18:41:59","slug":"cono-lurex-700-gr","status":"publish","type":"product","link":"https:\/\/mayoristas.lanasorquidea.cl\/?product=cono-lurex-700-gr","title":{"rendered":"Cono Lurex &#8211; 700 gr (IVA incluido)"},"content":{"rendered":"<p><span class=\"TextRun SCXW265875069 BCX0\" lang=\"ES\" xml:lang=\"ES\" data-contrast=\"none\"><span class=\"NormalTextRun SpellingErrorV2 SCXW265875069 BCX0\">El Lurex<\/span><span class=\"NormalTextRun SCXW265875069 BCX0\">\u00a0es una tela con gran\u00a0<\/span><\/span><strong><span class=\"TextRun SCXW265875069 BCX0\" lang=\"ES\" xml:lang=\"ES\" data-contrast=\"none\"><span class=\"NormalTextRun SCXW265875069 BCX0\">elasticidad<\/span><\/span><\/strong>\u00a0<span class=\"TextRun SCXW265875069 BCX0\" lang=\"ES\" xml:lang=\"ES\" data-contrast=\"none\"><span class=\"NormalTextRun SCXW265875069 BCX0\">y<\/span><\/span>\u00a0<span class=\"TextRun SCXW265875069 BCX0\" lang=\"ES\" xml:lang=\"ES\" data-contrast=\"none\"><span class=\"NormalTextRun SCXW265875069 BCX0\"><strong>flexibilidad<\/strong>, fabricada a partir de hilos met\u00e1licos, envuelta y sellada en\u00a0<\/span><\/span><span class=\"TextRun SCXW265875069 BCX0\" lang=\"ES\" xml:lang=\"ES\" data-contrast=\"none\"><span class=\"NormalTextRun SCXW265875069 BCX0\"><strong>poli\u00e9ster.<\/strong><\/span><\/span><\/p>\n<p>M\u00e9zclalo con el hilado que desees para darle ese toque elegante a tus prendas. Tambi\u00e9n lo puedes usar para bordado y costura.<\/p>\n<p>Composici\u00f3n: 100% Lurex<\/p>\n<p>Grosor: Fino<\/p>\n<p><em>*No se recomienda para m\u00e1quina de coser.<\/em><\/p>\n","protected":false},"excerpt":{"rendered":"<p>El Lurex\u00a0es una tela con gran\u00a0elasticidad\u00a0y\u00a0flexibilidad, fabricada a partir de hilos met\u00e1licos, envuelta y sellada en\u00a0poli\u00e9ster. M\u00e9zclalo con el hilado que desees para darle ese toque elegante a tus prendas. Tambi\u00e9n lo puedes usar para bordado y costura. Composici\u00f3n: 100% Lurex Grosor: Fino *No se recomienda para m\u00e1quina de coser.<\/p>\n","protected":false},"featured_media":0,"template":"","meta":{"_acf_changed":false},"product_brand":[],"product_cat":[50,15],"product_tag":[],"class_list":{"0":"post-52811","1":"product","2":"type-product","3":"status-publish","5":"product_cat-linea-premium","6":"product_cat-uncategorized","7":"pa_lurex-beige","8":"pa_lurex-negro","10":"first","11":"outofstock","12":"shipping-taxable","13":"purchasable","14":"product-type-variable"},"acf":[],"_links":{"self":[{"href":"https:\/\/mayoristas.lanasorquidea.cl\/index.php?rest_route=\/wp\/v2\/product\/52811","targetHints":{"allow":["GET"]}}],"collection":[{"href":"https:\/\/mayoristas.lanasorquidea.cl\/index.php?rest_route=\/wp\/v2\/product"}],"about":[{"href":"https:\/\/mayoristas.lanasorquidea.cl\/index.php?rest_route=\/wp\/v2\/types\/product"}],"wp:attachment":[{"href":"https:\/\/mayoristas.lanasorquidea.cl\/index.php?rest_route=%2Fwp%2Fv2%2Fmedia&parent=52811"}],"wp:term":[{"taxonomy":"product_brand","embeddable":true,"href":"https:\/\/mayoristas.lanasorquidea.cl\/index.php?rest_route=%2Fwp%2Fv2%2Fproduct_brand&post=52811"},{"taxonomy":"product_cat","embeddable":true,"href":"https:\/\/mayoristas.lanasorquidea.cl\/index.php?rest_route=%2Fwp%2Fv2%2Fproduct_cat&post=52811"},{"taxonomy":"product_tag","embeddable":true,"href":"https:\/\/mayoristas.lanasorquidea.cl\/index.php?rest_route=%2Fwp%2Fv2%2Fproduct_tag&post=52811"}],"curies":[{"name":"wp","href":"https:\/\/api.w.org\/{rel}","templated":true}]}}